 g - 9 = 9. What is the tens digit of g?
1
Let a(t) = -t + 15. Let n(w) = -7. Let m(y) = 4*a(y) + 9*n(y). What is the units digit of m(-3)?
9
Let u = 4 + -6. What is the tens digit of 13*(-1 - -2) - u?
1
Let z(w) = 10*w**2 - w + 19. What is the hundreds digit of z(-5)?
2
Let u = 8 - 5. Suppose -u*t = t - 8. Suppose t*r = 6*r - 2*d - 48, -5*d = 20. What is the tens digit of r?
1
Let m(j) = j**3 + 5*j**2 - 2*j - 2. Let r be m(-6). Let u = 14 + r. What is the units digit of (-2)/8 + (-27)/u?
2
Let o(l) = 4*l + 15. Let r be o(-12). Let j = 55 + r. What is the units digit of j?
2
Let f(o) = o**3 + o**2 + o + 26. Let d be f(0). Suppose -3*a + d = -5*y, 9 = 5*a + 3*y - 23. What is the units digit of a?
7
Let d = -8 + 51. What is the units digit of d?
3
Suppose 0 = 5*q - 2*s - 7, -5*q - 3*s + 16 = -11. Suppose g = q + 1. Suppose -g*v + 32 = 8. What is the units digit of v?
6
Suppose -2*i - 4 = 0, -c + 2 = -2*i + i. Suppose 5*a - 30 - 15 = c. What is the units digit of a?
9
Suppose -84 = -5*w + 3*k, 43 - 141 = -5*w - 4*k. What is the tens digit of w?
1
Let r(k) = -k**3 + 5*k**2 - k + 5. Let m be r(5). Suppose l + m - 2 = 0. Suppose 0 = -l*t + t + 9. What is the units digit of t?
9
Suppose -4 = -5*j - 4*t, 0 = 4*j + 4*t + t - 5. Suppose -3*g - 9 = j, -3*z = -2*g - g - 15. What is the tens digit of 38*((-5)/(-2) - z)?
1
Suppose -4*x + 15 = -17. Suppose 11 + x = b. What is the units digit of b?
9
Let b be ((-1)/1)/(3/(-9)). Let u = 8 - b. Suppose -26 = -v + 5*f, -2*f + 4 = -3*v + u*v. What is the units digit of v?
6
Let p(o) = -6*o**3 - o**2 - o - 1. Let z be p(-1). Let u(g) = -g**3 + 5*g**2 + g + 6. Let j be u(z). Let b = j - 3. What is the units digit of b?
8
Suppose -5*m = 5*b - 290, 5*b = -0*m + 2*m + 262. What is the units digit of b?
4
Suppose b = -3*v + 179, v + 1 + 0 = 0. What is the hundreds digit of b?
1
Let o be 6/27 - 349/(-9). Let i = -20 + o. What is the tens digit of i?
1
Let r(n) = -n**3 - 4*n**2 + 3*n - 8. Let v be r(-6). Let k = 77 - v. What is the units digit of k?
1
Suppose 65 = 5*g - 170. What is the units digit of g?
7
Suppose 75 = 3*c + 12. Let o = c - 33. What is the tens digit of -1*(3 + -2) - o?
1
Suppose -10 = r - 32. What is the tens digit of r?
2
Let w = 33 + -48. Let v be (-6)/w + 3/5. Let y(a) = 5*a - 1. What is the units digit of y(v)?
4
Let z be 1 - -52 - -4 - 4. Let s = z - 31. What is the tens digit of s?
2
Suppose 0 = 12*c - 2211 - 849. What is the tens digit of c?
5
Let k = -43 + 169. What is the units digit of k?
6
Let n(s) = 3*s**3 + 3*s**2 + s - 4. What is the tens digit of n(2)?
3
Let m be 2/(-6) + 10/3. Let t be -1 + (0 + 64)/4. Suppose -6 - t = -m*g. What is the units digit of g?
7
Suppose 112 = 5*c - 63. Suppose -5*x + 60 = -c. What is the tens digit of x?
1
Suppose 4*t + 3*g = 63, 3*t - 5*g - 40 = -0*g. Let n be (-16)/(-6)*t/2. Suppose 2*a = -0*a + n. What is the tens digit of a?
1
Let k = 6 - -15. What is the units digit of k?
1
Let m = 6 + -5. Let w = m - -34. What is the tens digit of w?
3
Suppose 21 + 63 = 4*h. What is the units digit of h?
1
Let f(p) be the first derivative of 3*p**3 + p**2 - p + 7. What is the units digit of f(-2)?
1
Suppose 3*m - 2*x = m - 10, -5 = -5*x. Let f = m - -37. What is the units digit of f?
3
What is the tens digit of (-1053)/(-45) - 4/10?
2
Let l = 6 - 7. Let x(n) = -19*n - 2. What is the tens digit of x(l)?
1
Suppose 2 = 3*v - 10. What is the units digit of v/(((-8)/2)/(-2))?
2
What is the hundreds digit of (5 + 3 + -4)*33?
1
Let r be (1/(-3))/(1/(-12)). Suppose -c + 2 = -0*c - p, 8 = c - r*p. Suppose -5*f = -4*m + 9 + 27, c = -5*m - 4*f + 45. What is the units digit of m?
9
Let p = -2 + 2. Let q(t) = -t + 8. Let b be q(p). Let r = b - 3. What is the units digit of r?
5
Suppose 3*s - 602 = -122. What is the units digit of s?
0
Let w(v) = -v**3 - 9*v**2 - 8*v - 6. What is the units digit of w(-9)?
6
Let j(h) = -h**3 - 5*h**2 + h + 6. Let l be j(-5). Suppose 3*i = 4*r + 2, -4*i = -5*r - 1 - 0. What is the units digit of i*l/(-4)*2?
3
Let v = -5 - -8. Let u(j) = j**2 - 3. Let g be u(v). Let k = 3 + g. What is the units digit of k?
9
Suppose -4*c = -4*k - 84 - 92, 0 = -5*k. What is the units digit of c?
4
Let l = -16 - -28. Let n = 21 + l. What is the units digit of n?
3
Suppose 1 = -3*b + 25. What is the units digit of 4/b*1*26?
3
Let y(k) = k - 5. Let j be y(4). Let s = 10 + j. Suppose -2*c + s = -c. What is the units digit of c?
9
What is the tens digit of (0 - -4)/(-1) - -100?
9
Suppose 0 = -0*m - 2*m - 5*h - 15, h = -5*m - 3. Let j(l) = -l + 4. Let b be j(m). Suppose -3*o + o = -b. What is the units digit of o?
2
Let q(f) = -f**2 + 5*f - 3. Suppose -4*p + 15 = p, -2*p + 16 = 5*z. Suppose 3*b - z = 10. What is the units digit of q(b)?
1
Suppose 2*k + 2*k + 2*l = 1042, 262 = k - l. Suppose -2*g + 23 + k = 5*n, n - 48 = 4*g. Suppose -o - 3*o = -n. What is the tens digit of o?
1
What is the units digit of (-2)/(-16) - (-6945)/120?
8
Let n(t) = 2*t. Let g be n(1). Let p(j) = -1 - j**g - 3 + 4 - j**3 - 1. What is the units digit of p(-2)?
3
Let v be 2/(-11) + 2/11. Let j = v - -3. Suppose -3*x + 17 = 2*d, -j*d - x - 17 = -5*x. What is the units digit of d?
1
Let c = 144 - 69. What is the tens digit of c?
7
Let h(i) be the second derivative of 5*i**4/24 + i**3/6 - 2*i**2 - 3*i. Let b(u) be the first derivative of h(u). What is the units digit of b(1)?
6
Suppose 0*a - 5*k + 51 = 3*a, -2*a = 2*k - 38. What is the units digit of a?
2
Let k be (2/3)/((-4)/(-6)). Suppose k - 4 = b. Let j(u) = u**3 + 4*u**2 + 3*u + 2. What is the units digit of j(b)?
2
What is the tens digit of (-1 + -85)*(-15)/30?
4
Let y(i) = i**3 - 9*i**2 - 6*i - 12. What is the tens digit of y(10)?
2
Suppose 4*g + g = 130. What is the tens digit of g?
2
Suppose -2*q + 8 = 4. What is the units digit of q?
2
Let l(t) = 8*t - 2. Let v be l(-5). What is the units digit of v/(-5) + 18/(-45)?
8
What is the tens digit of 0 - ((-8)/(-3))/((-14)/231)?
4
Let g be 9/4 + (-18)/(-24). What is the tens digit of (g - (-27 + 2)) + -3?
2
Suppose 0 = -2*u - 3*k + 37, u + 5*k + 1 = 9. What is the units digit of u?
3
Suppose -4*o = -151 + 51. Suppose -j + 4*j - b + o = 0, -4*j = 5*b + 8. Let n(l) = -2*l - 9. What is the units digit of n(j)?
5
Let t = 2 + -2. Suppose 0 = 2*k - 7 + 1. Suppose 6 = k*m - t*m. What is the units digit of m?
2
Let p(i) = i**3 - 4*i**2 - 5*i + 12. Let c be (-4)/(-18) - 387/(-81). What is the units digit of p(c)?
2
Let d = -139 + 281. What is the units digit of d?
2
Let v = 4 + -6. Let m(b) = -2*b + 1. Let i be m(v). Let o = 8 + i. What is the tens digit of o?
1
Let y = -140 - -81. Let s = -39 - y. What is the tens digit of s?
2
Suppose -2*c + 8 = 2*c. Let r(t) = -2*t + 3. Let i(m) = -5*m + 7. Let z(u) = -4*i(u) + 9*r(u). What is the units digit of z(c)?
3
Suppose -3*u = -1 - 8. Suppose u*d - 6 = 21. What is the units digit of d?
9
Let y = 0 + 4. Suppose -y*c - 9 = 3. What is the units digit of (-26)/(-8) + c/12?
3
Suppose -100 = -v - 5*j, -3*v - j + 110 + 260 = 0. Suppose -4*s + v = -9*s. Let b = s + 35. What is the tens digit of b?
1
Let a be -3 - 0 - (-11 - -3). Suppose 5*x - s + 44 = 134, a*s + 110 = 5*x. What is the units digit of x?
7
Suppose -47 = -3*g + 22. What is the units digit of g?
3
Suppose -6*g + 16 = -2*g. Let p(r) = -r**2 + 3*r + 5. Let h be p(g). Let u(v) = 4*v**2 + v. What is the units digit of u(h)?
5
Suppose 5*j - 54 = 96. Let y = j + -17. What is the tens digit of y?
1
Suppose -3*n - 11 = 4*i, -4*i - 13 = 5*n - 0*n. What is the units digit of (4 - -3) + (1 - i)?
0
What is the units digit of 1164/(-9)*((-44)/8 - -4)?
4
Let j be 2/(-3) + (-676)/(-6). Suppose -5*s + s = -j. What is the tens digit of s?
2
Let b(z) = 41*z**2 + 2*z - 1. What is the units digit of b(1)?
2
What is the units digit of (8/(-3))/(-2)*402/4?
4
What is the tens digit of (4/(-6))/((-24)/1332)?
3
Suppose -38 + 9 = -s. What is the tens digit of s?
2
Let x = 7 + 9. Let t = x + -10. Let v = t + -5. What is the units digit of v?
1
Let a = 26 - 24. What is the units digit of a?
2
Let g be (10*-1)/(0 + -2). Suppose 2*b - 5*q - 7 = 22, 15 = -g*b - 5*q. Suppose b*y = 4*n - 3 + 7, -5*n - 1 = -2*y. What is the units digit of y?
8
Let f = 39 - 14. Suppose 8*k = 3*k + f. What is the units digit of k?
5
Let f = -334 + 468. What is